 Let x(j) = -j**3 + 2*j**2 + 10*j - 8. Give x(h).
0
Let d(b) = 13*b**2 - 39*b + 35. Let j(t) = -5*t**2 + 18*t - 17. Let a(c) = -2*d(c) - 5*j(c). Determine a(-12).
15
Let h(g) = 42*g**3 - g**2 - 2*g - 1. Let u(x) = 30*x**3 - x**2 - 3*x - 1. Let q(d) = -5*h(d) + 4*u(d). What is q(1)?
-90
Let p(k) = -k**2 - 23*k - 39. Suppose 5*r + 115 = 5*q, -40 - 10 = 2*r - 4*q. Calculate p(r).
3
Let n(y) be the second derivative of y**4/12 + 22*y**3/3 - 44*y**2 - 17*y + 55. Determine n(-46).
4
Let k(q) = -q**3 + 26*q**2 - 25*q - 11. Let d = -7006 + 7031. Calculate k(d).
-11
Let i be 16/8 + 0 + 2. Suppose -b = 3*b - i. Let t(z) be the first derivative of 2*z**3/3 + z**2/2 - z + 1039. Give t(b).
2
Let b(i) = i + 5. Let t(h) = -h**2 - 36*h + 116. Let k be t(-39). Let w = -10 + -12. Let c be k/(-2) - w/(-4). What is b(c)?
0
Let x(c) = -4*c + 0*c**3 - 13733*c**2 + 13735*c**2 + 3*c + 0*c**3 + 2 + c**3. Give x(-2).
4
Let j = -2 + 8. Let d(v) be the third derivative of -v**4/8 + 10*v**3/3 + 4*v**2 + 32. Give d(j).
2
Let x(q) = -5*q. Suppose 0 = -282*m + 291*m - 27. Let o(p) = 2*p**2 - 10*p + 16. Let l be o(m). Calculate x(l).
-20
Let c(s) = 18*s**2 - 28*s + 11. Let g(i) = -40*i**2 + 61*i - 23. Let r(o) = -11*c(o) - 5*g(o). Determine r(-4).
14
Suppose 0 = 6*w - 114 + 822. Let o = -116 - w. Let s(n) = -3*n**3 + 4*n**2 - 4*n + 2. Calculate s(o).
-14
Let a(x) = 158*x**3 + 22*x**2 - 5*x - 23. Let b(k) = 262*k**3 + 45*k**2 - 9*k - 45. Let m(c) = 5*a(c) - 3*b(c). Determine m(6).
-4
Let f be 6/(-15)*((-140823)/3 - -1). Let q(x) = 3 - 18776*x**2 - x**3 + f*x**2. Determine q(0).
3
Let z(y) = 45*y - 499 + 60*y - 114*y + 496. Determine z(5).
-48
Let a be (48/192)/((-1)/(-36)). Let s(x) = -x**3 + x**3 - 8*x**2 - x**3 - 10*x + a*x. What is s(-8)?
8
Let x(v) = -426*v + 114. Let u(i) = 90*i - 23. Let k(g) = 19*u(g) + 4*x(g). What is k(5)?
49
Let b(g) = -g**2 + 9*g + 76. Let y = 5274 - 5260. Determine b(y).
6
Let g be -2 - ((-156)/(-4) + -19). Let i(y) = -2*y**3 - 45*y**2 - 20*y + 53. Determine i(g).
9
Let i(p) = -43*p - 1. Let b be i(1). Let t = -40 - b. Let c be 0/(t + -2) - 1. Let r(w) = -5*w**2 - 1. What is r(c)?
-6
Let x(n) = -5*n**3 - n**2 + n + 3. Suppose -2848*l = -2823*l + 50. What is x(l)?
37
Let r(q) = -17*q**2 - 28*q - 9. Let y(l) = -l**2 - l. Let d(v) = -r(v) + 16*y(v). Calculate d(-14).
37
Let t(a) = a + 2. Let m = -45 + 47. Let x(f) = 4 + 11*f**2 + 7*f + 4*f + 3*f - 9*f**m. Let n be x(-7). What is t(n)?
6
Let z = 82 - 22. Suppose z = 5*k - 5*b, -3*k = 3*b + 5 - 11. Let c(u) = 2*u - 5. Calculate c(k).
9
Suppose -2 = -x + 3*n - 2*n, 3*n = -x + 6. Let r(k) = x*k**3 - k**2 + 3 - 1 - 3*k + 0*k**3 - 4*k**3. Give r(2).
-16
Let k(s) = 11*s**2 + 14*s - 4. Let d(r) = -7*r**2 - 9*r + 3. Let w(t) = -8*d(t) - 5*k(t). Let f be -4 - (8 + 1114 + -9). Let c = f - -1112. Give w(c).
11
Let g(q) = q**2 - 7*q - 2. Let m be 4 - (1 - (-5 - -4)). Let f(r) = -24*r**2 + 7*r - 23*r**2 + 46*r**2 + m. Let p(k) = 5*f(k) + 6*g(k). Determine p(5).
-12
Let v(c) = 8*c - 96. Let x(o) = -11*o - 21. Let l be x(-3). Calculate v(l).
0
Let g(d) = -27 - 8*d + 10 + 2*d**2 + 8*d**2 - 18*d - 8*d**2. Determine g(13).
-17
Let j(p) = 2*p**3 + 2*p + 2. Let y(l) = 17*l**3 + 9*l**2 + 20*l - 15. Let g(m) = -8*j(m) + y(m). Calculate g(-8).
1
Let x(c) be the third derivative of -c**5/60 - 11*c**4/24 + 5*c**3/6 + 639*c**2. Let b(d) = -d**3 - 7*d**2 + 8*d - 9. Let m be b(-8). Determine x(m).
23
Let g = -14 + 16. Let t(k) = -162 - k + 162 - 10*k**g. What is t(-1)?
-9
Let k(o) = o + 8*o - 8*o - 9. Suppose 35 = 3*z + 11. Let r be ((-45)/10)/(18/z - 3). Give k(r).
-3
Suppose 7*f - 2*f = 0. Let t(z) = -11*z + f*z**3 - 4*z**2 + 58 - 67 - 8*z**2 - z**3. Determine t(-11).
-9
Let q(x) = x**3 + 39*x**2 - 275*x - 228. Let o be q(-45). Let l(m) = m**3 - 4. Give l(o).
-31
Let h(x) = 6*x + 54. Let s be (-1200)/120*1/1. Calculate h(s).
-6
Suppose -45*u + 48*u - 12 = 0. Let z(r) = 4*r**2 - 4*r + r**3 + 5*r - 4 - u*r + r**2. Give z(-5).
11
Let q(s) be the third derivative of -s**4/12 - 17*s**3/3 + 533*s**2 - s. Calculate q(0).
-34
Let f(y) = y - 9. Let o be (68/6)/(17 + (-49)/3). What is f(o)?
8
Let p be -16 - (-10 + (9 - 5)). Let v(a) = a**2 + 10*a - 5. Let w be v(p). Let x(y) be the first derivative of y**4/4 + 5*y**3/3 + y**2/2 + 7*y - 8. Give x(w).
2
Let p be (-10)/(-14) - (-4)/14. Let k be 0*(-6 + (-130)/(-20)). Let a = p - k. Let l(m) = -8*m**2 - 2*m + 1. Give l(a).
-9
Let x(w) be the first derivative of 5*w**2 - 147*w + 2743. Determine x(15).
3
Let i(k) = -k**3 - 23*k**2 - 31*k - 1330. Let d be i(-24). Let j(l) = 49*l + 498. Give j(d).
8
Let g(b) = -60*b**2 + 67*b - 2. Let y(l) = 34*l**2 - 34*l. Let t(j) = -4*g(j) - 7*y(j). Determine t(15).
8
Let l = -30 - -20. Let d(p) = -p**3 - 10*p**2 + 2*p + 16. Let g be d(l). Let v(n) = -3*n - 7. What is v(g)?
5
Let o(r) = 2*r**3 + 11*r**2 + 6*r - 4. Let v be -12*9/(-12) - 10/(-2). Let t be (-31)/93 - v/3. What is o(t)?
-9
Let b(j) = 4*j**3 + 19*j**2 + 6*j - 3. Let q(d) = -d**3 + d**2 - 3*d. Let n(y) = b(y) + 3*q(y). Calculate n(-22).
63
Let j(q) be the first derivative of 2*q**3/3 - 4*q**2 + 7*q - 892. Give j(6).
31
Let b(o) = -23*o + 54*o - 12*o - 18*o. Suppose p = -3*p - l + 39, -4*l = -4*p + 24. Determine b(p).
9
Let d(x) be the third derivative of 0 + 6*x**2 + 10*x - 1/60*x**5 - 1/3*x**3 + 1/12*x**4. Determine d(2).
-2
Let b(l) be the first derivative of l**3/3 + 9*l**2/2 + 8*l - 88. Suppose 0 = -25*c + 24*c - 8. Give b(c).
0
Let a(b) = -b + 3. Suppose 5*n = 5*o + 30, -2*o + 3*n = -1 + 10. Let l be -2 - (o + (-3 - -7)). Calculate a(l).
0
Let n(h) = -2*h**3 - 2*h**2 - 12*h - 1. Let g(t) = 9*t**3 + t**2 + 65*t + 26. Let f(l) = -g(l) - 5*n(l). What is f(-9)?
24
Let b(m) = -3*m**3 + 20*m**2 + 4*m + 16. Suppose 4966*k + 2 = 4968*k - 3*i, -k - 2*i = -15. Give b(k).
-5
Let j(p) = -p**3 + 6 + p + 2*p**3 + 2*p**2 + 5*p**2. Let n = -70 + 22. Let t be -14*(10/(-12) - n/36). Calculate j(t).
-1
Let u(k) = -k**3 + 7*k**2 - k. Let z be u(7). Let o = 18 + -11. Let w(m) = -49*m**3 + o*m**2 + 4 + 10*m + 50*m**3 + 13*m - 24*m. Calculate w(z).
11
Let p(r) be the third derivative of -r**4/6 - 11*r**3/2 - 459*r**2 - 3. What is p(-6)?
-9
Let p(t) = t**2 - 10*t + 1. Let o(n) = -n**2 - 11*n + 9. Let d be o(-11). Let f be p(d). Let v(k) = k**3 + 8*k**2 + 2*k + 11. Calculate v(f).
-5
Let d(c) = 4*c - 1. Let w(t) = t + 2. Let k(p) = -d(p) + 3*w(p). Suppose 3*r + 15*r = 486. Suppose 3*a - 5*f + 2 = 0, -3*f + 9 - r = -5*a. Give k(a).
1
Suppose 0 = -9*t + 38 + 16. Suppose t = 4*i + 14. Let o(q) = q**2 - 2. What is o(i)?
2
Let r(m) = -8*m**3 + m. Let k be 0/(2/(-11) + 40/(-22)). Suppose -u - 3 = k, 3*v - 213 = -0*u - 5*u. Suppose 75 = a + v. Give r(a).
7
Let h(z) = -3*z**2 + 22*z + 49. Let v(g) = 2*g**2 - 15*g - 32. Suppose 12*x - 7*x - 25 = 0. Let q(m) = x*h(m) + 8*v(m). Give q(11).
0
Let l(o) = 0 + 0 + 4*o. Suppose 16*x - 11445 = 1035. Let b = -781 + x. What is l(b)?
-4
Let k = -70 + 74. Suppose 2 + k = 2*o. Let z(u) be the first derivative of u**4/4 - 2*u**3/3 + u**2 - 3*u - 5. What is z(o)?
12
Suppose -4*p = 40*g - 35*g - 34, -g + 10 = 4*p. Let k(j) = 3 + 8 + 3*j - 3. Determine k(g).
26
Let i(y) = -17*y + 3. Suppose -7*m - 6 = -16*z + 15*z, -5*z = -5*m. What is i(z)?
20
Let x be ((-44)/6)/(((-136)/(-51))/4). Let m(c) = -2*c**3 - 24*c**2 - 23*c - 4. Give m(x).
7
Let m(t) = -5*t**3 - 11*t**2 - 11*t + 3. Let w(c) = -3*c**3 - 7*c**2 - 8*c. Let i(v) = 2*m(v) - 3*w(v). Let p be (-1 - -1)/(-1 + -1). What is i(p)?
6
Let s(t) = 0*t**2 + 31 - t**2 - t - 82 + 36 + 57. Calculate s(0).
42
Suppose 4*h - h + 30 = 3*b, -3*b = 4*h + 5. Let p(k) = k - 1. Let n(s) = -s**2 + 15*s - 2. Let z(r) = b*p(r) - n(r). What is z(8)?
-19
Suppose -25*m - 24 = -29*m. Let t(w) = 14*w - 18. Let z(c) = 2*c. Let d(s) = m*z(s) - t(s). Calculate d(12).
-6
Let a(c) = 11*c**2 + 19*c - 68. Let h(s) = 9*s**2 + 18*s - 69. Let w(q) = -4*a(q) + 5*h(q). What is w(-18)?
-1
Let a(u) = -3*u + 47. Let v(j) = j**3 + 10*j**2 + 21*j - 4. Let d be v(-5). Let k be a(d). Let b(i) = -4*i + 1. Determine b(k).
5
Let d(v) = 38*v**2 - 8*v - 107. Let h(l) = 53*l**2 - 13*l - 151. Let m(i) = -7*d(i) + 5*h(i). Let o be ((-5)/3)/(2/6). What is m(o)?
14
Let o(j) be the second derivative of -j**6/360 - j**5/24 + j**4/24 + j**3 + j**2/2 + j - 126. Let c(r) be the second derivative